d?
139
What are the prime factors of (-134725)/(-225) + 4/18?
599
Let d be (-2 + 13/5)/(3/735). Let b = -1 - -6. Suppose -b*u = -d - 103. What are the prime factors of u?
2, 5
Let k(i) = i**2 - 8*i + 11. Let f be k(5). Let r(u) = -u**3 - 3*u**2 + 5*u + 6. What are the prime factors of r(f)?
2
Suppose a + 16 = 5*a. Suppose -3*y = -2*g - 2 - 2, -4*y = -3*g - a. Suppose g*w - 61 = 7. What are the prime factors of w?
17
Suppose -3*z - 6 = -2*z - 5*s, 2*z = -2*s + 24. Suppose -4*q = -3*q - z. Suppose 2*o - 3*n + q = 5*o, 0 = 4*n. What are the prime factors of o?
3
Let u = -16 + 10. Let m be 4/10 + u/15. Let c(q) = -q**2 + q + 6. What are the prime factors of c(m)?
2, 3
Suppose 0 = 2*k - 18 + 8. Suppose -4*l = k*o - 3, 0 = -3*l + 5*o - 3*o + 8. Suppose -4*u + 44 = 4*x, -x - l*u - u = -11. List the prime factors of x.
11
List the prime factors of ((-55)/(-5) - -4) + 4.
19
Let o = -1798 + 2154. What are the prime factors of o?
2, 89
Suppose 45*t = 33*t + 20352. What are the prime factors of t?
2, 53
Let d(u) be the second derivative of 0 + 1/20*u**5 - 1/3*u**3 - 1/12*u**4 + 7*u + u**2. What are the prime factors of d(2)?
2
Let h(z) = -z**2 - 5*z - 12. Let j be h(-5). Let a = 13 - j. List the prime factors of a.
5
Suppose -4*c + y + 2 = -3, y = -4*c - 5. Suppose c = -10*o - 80 + 310. List the prime factors of o.
23
Suppose -206 = -5*l + 249. Suppose 3*r - q = 109, q - 4*q = 2*r - l. Suppose -4*b + 34 = -r. What are the prime factors of b?
2, 3
Let x(g) be the second derivative of -5*g**4/24 + g**3/3 - 5*g**2/2 - g. Let k(y) be the first derivative of x(y). What are the prime factors of k(-4)?
2, 11
Let i(n) = 269*n + 13. List the prime factors of i(3).
2, 5, 41
Suppose -2*b = -0*b - 14. Let l be 2/b + 38/14. Suppose -c = -l*c + 74. What are the prime factors of c?
37
Let d = 180 - 101. Suppose -2*j + 3*a = d, -6*j - a - 124 = -3*j. What are the prime factors of j*-2*(-2)/(-4)?
41
Let p(t) be the second derivative of t**4/12 + t**3/2 + t**2 + 4*t. Let g be p(-7). What are the prime factors of -7*4/(-28)*g?
2, 3, 5
Let k be 1 - (-4 + 0 - -4). Let i(a) = 104*a**3 - 2*a**2 + 4*a - 2. List the prime factors of i(k).
2, 13
Suppose -5*m - 144 = -4*g, 3*g + 54 + 22 = -2*m. Let l be 8/m - (-14)/(-8). List the prime factors of 19/((3 + l)*1).
19
Let v be (-2 - (-20)/12)*18. Let y(a) = 7*a**2 + 15*a + 4. What are the prime factors of y(v)?
2, 83
Suppose -3*n = 5*y - 4*n + 14, -4*n = -16. List the prime factors of 1/(((-4)/(-276))/(-1 - y)).
3, 23
Let m be (-134)/(-14) + 60/140. Let y(n) = 2*n - 3. List the prime factors of y(m).
17
Let f(q) = 5*q**2 + 2*q + 16. Let j(i) = 6*i**2 + 3*i + 15. Let v(k) = -7*f(k) + 6*j(k). What are the prime factors of v(8)?
2, 37
Suppose 5*i = -i + 36. Let m be i - (2 - (1 - 0)). Suppose -6*u + u + 52 = -2*b, u = m*b - 8. List the prime factors of u.
2, 3
Let w = 797 - 548. Let u = w - 162. What are the prime factors of u?
3, 29
Let d = 1332 - 216. List the prime factors of d.
2, 3, 31
Suppose -n - 4 = -3*f, 4*n - 6 = -2*f - 22. Suppose 0 = -f*h + 3*h + 96. What are the prime factors of (h/(-8))/(2/6)?
2, 3
Let w(g) = 76*g + 1177. List the prime factors of w(6).
23, 71
Suppose 0 = -4*y + 7 + 9. Suppose h - y*x + x = 44, 3*h - x - 116 = 0. List the prime factors of h.
2, 19
Suppose -5*s + 10*s = 110. Suppose c = s + 21. What are the prime factors of c?
43
Let y(s) = -s**2 - 9*s - 16. Let u be y(-3). What are the prime factors of 1728/28 - u/21*-3?
2, 31
Let n = -649 + 1251. Let h be (-6)/(-21) + n/(-49). What are the prime factors of (-14 - h)/((-4)/94)?
47
What are the prime factors of (1300 + -1)*(4 - (-2 + 4))?
2, 3, 433
Let d = -1894 + 2694. List the prime factors of d.
2, 5
What are the prime factors of (201/12)/((-31)/(-2604))?
3, 7, 67
Suppose 0 = -2*s + 18 + 18. List the prime factors of 104/6*27/s.
2, 13
Let i = 14 + -12. Let f(p) = p**3 + 6*p**2 - 6*p + 9. Let s be f(-6). Suppose i*x = x + s. What are the prime factors of x?
3, 5
Suppose 4*b = -20, 0*d - 3*d - 13 = 2*b. Let c be (-4)/((2/d)/2). Suppose 0*g + v - 6 = -3*g, 0 = -c*v - 12. List the prime factors of g.
3
Suppose 5*o + 4*i - 457 = 0, 3*o + i = 2*o + 92. What are the prime factors of -4 + 0 + o + -1?
2, 3, 7
Let t(k) = k**3 + 25*k**2 + 34*k + 104. What are the prime factors of t(-20)?
2, 89
Let v(s) = 2*s**3 + 19*s**2 + 9*s - 8. List the prime factors of v(-6).
2, 5, 19
Suppose -2*i - h = -881, 4*i - h = -i + 2206. Suppose -i = -g - 8*g. List the prime factors of g.
7
Let b be (119 + -6 + 2)*(-1 - -2). Suppose -102 = -v + b. List the prime factors of v.
7, 31
Let x(b) = 16*b**2 + b - 4. Let a be x(-3). Let g be (-224)/3 + 8/((-24)/(-5)). Let c = a + g. List the prime factors of c.
2
Let a be (-1)/2*(3 - 1). Let s be a*3 + (1 - -6). Suppose -15 = -7*u + s*u. What are the prime factors of u?
5
Let d(h) = h. Let y(f) = 2*f**2 + 6*f - 2. Let n(l) = -21*d(l) + 3*y(l). Let w be n(-2). Suppose -c = -4*c + w. List the prime factors of c.
2
Let o(g) = 3*g + 7. Let c be o(-18). Let u = 7 - c. List the prime factors of u.
2, 3
Let b = -137 + 367. List the prime factors of b.
2, 5, 23
Suppose -4*s + 6114 + 1458 = -2*p, 3786 = 2*s + p. What are the prime factors of s?
3, 631
Let r = -1598 - -7773. List the prime factors of r.
5, 13, 19
Suppose -19 = g - 5*v, -v + 1 = -2*v. Let j be (0 + -1)/(8/g). Suppose 0 = 5*r - 5*f - 70, -j*r - 2*r = -2*f - 58. List the prime factors of r.
2, 5
Let c be ((-2)/(-8))/((-8)/(-352)). Suppose -c*b - 40 = -7*b. What are the prime factors of (b/(-6))/((-8)/(-24))?
5
Suppose -137 = -l + 4*v, -6*l + 4*v + 488 = -2*l. List the prime factors of l.
3, 13
Let k(v) = -v**2 + 9*v + 12. Let n be k(10). Let t(m) = 3*m**n + 2*m - 4*m - 5*m + 5*m + 3. What are the prime factors of t(-4)?
59
Let u(a) = -a**3 + 2*a**2 - a + 10. Let w be u(0). Let y = 13 - w. Suppose 1 + 26 = y*k. What are the prime factors of k?
3
Let z = -123 + 147. List the prime factors of z.
2, 3
Suppose -2*h = -4*t + 78, -h - 2 + 3 = 0. Let p = 104 - 71. Let d = p - t. List the prime factors of d.
13
List the prime factors of (-9 + 477/(-18))*(-19 + 1).
3, 71
What are the prime factors of (26 - -6)*243/12?
2, 3
Let m = -327 - -468. What are the prime factors of m?
3, 47
Let f(d) = -20*d - 4. Let i be f(-7). Let r = i + -38. List the prime factors of r.
2, 7
Let k(w) = w**2 - w + 483. Let x be k(0). Let d = -227 + x. List the prime factors of d.
2
Suppose 2*x + 0 = -4. Let b be (3 + -1)/(4/x). List the prime factors of b + 84/(1 + 2).
3
Let u(j) = -j**3 - j + 128. Let p be u(0). Suppose -2*r - 5*k = -123, -3*k + p = 2*r + k. What are the prime factors of r?
2, 37
Let s be ((-3)/9*1)/(1/(-33)). Suppose 0 = -s*f - 1307 + 3298. What are the prime factors of f?
181
Let f = -5 + -8. Let k = 18 + f. Suppose 0 = -k*h + 5*g + 80, -4*h + g = -8*h + 84. What are the prime factors of h?
2, 5
Suppose -3*v = -2*x - 2 - 0, -v = 5*x - 12. Suppose -x*y + 3 = -3. List the prime factors of y.
3
What are the prime factors of 1327 + -3 + (17 - 6)?
3, 5, 89
Suppose 37 = x - 33. Suppose t - x = -t. What are the prime factors of t?
5, 7
Suppose -4*u + 990 = 2*z, 2*z + u - 869 = 130. List the prime factors of z.
3, 167
Suppose 0 = c + 3, 0 = 4*r - 13*c + 12*c - 12435. What are the prime factors of r?
2, 3, 7, 37
Let i(u) = -2*u**2 + 4*u - 16. Let j be i(7). Let v = -57 - j. List the prime factors of v.
29
Let u = -35 + 232. List the prime factors of u.
197
Suppose 4*l + 28 = 196. Let m = -6 + 9. Suppose 4*v - l = g - 2*g, m*v - 81 = -3*g. List the prime factors of g.
2, 11
Let z(r) = 1486*r**2 + 2*r + 1. List the prime factors of z(-1).
3, 5, 11
Suppose -5*q = -10, -2*p + 2*q + 12 = -4*p. Let c be (-375)/((-2)/p*-6). Suppose c = n + 4*n. What are the prime factors of n?
2, 5
Suppose 7*m - 11*m = -12. Suppose m*k - 71 - 49 = 0. What are the prime factors of k?
2, 5
Suppose -1966 = -4*k + v, -1974 = -7*k + 3*k + 5*v. List the prime factors of k.
491
Suppose 0 = 2*z - 5*l - 973, 2*l + 209 = z - 277. Suppose 0 = 5*o - z + 69. What are the prime factors of o?
83
Suppose 0*i + 5*g - 8 = i, 3*g + 68 = -2*i. List the prime factors of (-150)/4*i/21.
2, 5
Let z = 2578 - 1809. List the prime factors of z.
769
Suppose -48*c + 17*c = -50871. List the prime factors of c.
3, 547
Let v = -41 + 34. Let a = 66 - v. List the 